the highest common divisor of 15 and 8805?
15
Calculate the highest common divisor of 418 and 22.
22
What is the greatest common factor of 1363 and 174?
29
What is the highest common factor of 168 and 72?
24
What is the highest common divisor of 22 and 4?
2
Calculate the greatest common divisor of 1170 and 180.
90
Calculate the highest common divisor of 27 and 3.
3
What is the highest common divisor of 229 and 7099?
229
What is the greatest common factor of 18 and 16947?
9
Calculate the highest common factor of 340 and 1904.
68
What is the greatest common factor of 2 and 89?
1
Calculate the highest common divisor of 4 and 10.
2
What is the highest common divisor of 45 and 120?
15
Calculate the greatest common divisor of 2 and 47.
1
What is the highest common divisor of 1 and 607?
1
Calculate the greatest common divisor of 128 and 23168.
128
Calculate the greatest common factor of 81 and 3.
3
Calculate the highest common divisor of 10 and 440.
10
Calculate the highest common factor of 14 and 77.
7
What is the greatest common divisor of 39 and 4719?
39
Calculate the greatest common divisor of 341 and 124.
31
What is the greatest common factor of 20 and 10?
10
What is the greatest common divisor of 8 and 52?
4
What is the greatest common factor of 595 and 14?
7
What is the greatest common factor of 26 and 1391?
13
Calculate the highest common divisor of 2686 and 158.
158
What is the highest common factor of 3 and 123?
3
Calculate the greatest common factor of 2151 and 27.
9
Calculate the greatest common factor of 388 and 7469.
97
Calculate the highest common divisor of 82 and 4018.
82
Calculate the highest common factor of 26 and 38.
2
What is the highest common factor of 176 and 44?
44
Calculate the greatest common factor of 9 and 9117.
9
What is the greatest common divisor of 1428 and 1596?
84
Calculate the greatest common factor of 294 and 4802.
98
Calculate the greatest common divisor of 27 and 6507.
27
Calculate the highest common divisor of 243 and 828.
9
What is the highest common factor of 340 and 600?
20
What is the highest common factor of 759 and 276?
69
Calculate the highest common divisor of 19799 and 13.
13
What is the greatest common divisor of 12393 and 612?
153
What is the highest common factor of 4 and 1084?
4
What is the highest common divisor of 269 and 807?
269
What is the greatest common divisor of 57 and 2337?
57
Calculate the highest common factor of 820 and 10.
10
What is the highest common divisor of 36594 and 114?
114
Calculate the greatest common factor of 209 and 55.
11
What is the highest common factor of 85 and 153?
17
Calculate the highest common factor of 252 and 72.
36
Calculate the greatest common factor of 1022 and 126.
14
Calculate the greatest common factor of 1635 and 195.
15
Calculate the highest common factor of 165 and 105.
15
What is the greatest common divisor of 2508 and 33?
33
Calculate the highest common factor of 110 and 8690.
110
What is the greatest common factor of 336 and 88?
8
Calculate the highest common factor of 12 and 24.
12
Calculate the highest common factor of 1769 and 203.
29
What is the highest common divisor of 400 and 144?
16
What is the greatest common divisor of 25 and 1?
1
What is the highest common factor of 176 and 1100?
44
What is the highest common divisor of 840 and 441?
21
Calculate the greatest common factor of 2097 and 7223.
233
Calculate the greatest common divisor of 88 and 99.
11
What is the highest common factor of 201 and 67?
67
Calculate the highest common divisor of 3204 and 228.
12
What is the greatest common factor of 2 and 124?
2
What is the highest common divisor of 50 and 1630?
10
Calculate the greatest common factor of 88 and 104.
8
What is the highest common factor of 43862 and 14?
14
What is the highest common factor of 20 and 1560?
20
What is the highest common divisor of 12 and 28368?
12
Calculate the highest common factor of 12 and 20340.
12
Calculate the greatest common factor of 68 and 51.
17
Calculate the greatest common factor of 10 and 39450.
10
What is the greatest common divisor of 27346 and 452?
226
What is the highest common factor of 1239 and 42?
21
What is the highest common factor of 24256 and 64?
64
Calculate the greatest common divisor of 192 and 1068.
12
Calculate the highest common factor of 638 and 58.
58
What is the highest common factor of 28567 and 22?
11
What is the greatest common factor of 16 and 236?
4
Calculate the greatest common factor of 1162 and 126.
14
What is the greatest common divisor of 45 and 285?
15
Calculate the greatest common divisor of 3113 and 3396.
283
Calculate the greatest common factor of 304 and 32.
16
What is the greatest common divisor of 357 and 34?
17
What is the highest common factor of 27 and 1917?
27
Calculate the highest common divisor of 1134 and 28.
14
Calculate the greatest common factor of 434 and 686.
14
Calculate the greatest common divisor of 854 and 14.
14
Calculate the highest common divisor of 70 and 875.
35
What is the highest common divisor of 52 and 3328?
52
Calculate the highest common divisor of 114 and 266.
38
What is the greatest common divisor of 3 and 1083?
3
What is the highest common factor of 2366 and 182?
182
Calculate the highest common factor of 104 and 144.
8
Calculate the greatest common factor of 10 and 170.
10
What is the highest common divisor of 235 and 3713?
47
What is the greatest common divisor of 45 and 375?
15
Calculate the highest common divisor of 556 and 3197.
139
Calculate the greatest common divisor of 7630 and 109.
109
Calculate the highest common divisor of 24 and 484.
4
What is the greatest common divisor of 50 and 50?
50
Calculate the greatest common divisor of 27 and 612.
9
What is the greatest common divisor of 3629 and 191?
191
What is the greatest common divisor of 637 and 26?
13
What is the greatest common divisor of 2 and 421?
1
What is the greatest common divisor of 86 and 20898?
86
What is the highest common factor of 1633 and 46?
23
Calculate the highest common divisor of 14554 and 114.
38
Calculate the greatest common factor of 2272 and 71.
71
Calculate the highest common factor of 735 and 15.
15
Calculate the greatest common factor of 486 and 4617.
243
What is the highest common divisor of 62 and 1643?
31
What is the greatest common factor of 154 and 847?
77
Calculate the highest common divisor of 16 and 578.
2
Calculate the highest common divisor of 133 and 19.
19
Calculate the greatest common factor of 112 and 98.
14
Calculate the greatest common factor of 13639 and 69.
23
What is the greatest common divisor of 184 and 207?
23
What is the greatest common factor of 378 and 546?
42
Calculate the highest common divisor of 1287 and 234.
117
Calculate the highest common factor of 39 and 54.
3
What is the highest common divisor of 126 and 39354?
42
What is the greatest common divisor of 493 and 116?
29
What is the highest common divisor of 51 and 31?
1
What is the greatest common factor of 36 and 522?
18
Calculate the greatest common factor of 161 and 115.
23
Calculate the highest common factor of 7519 and 206.
103
Calculate the highest common factor of 1778 and 14.
14
What is the highest common factor of 7256 and 2?
2
What is the highest common factor of 13671 and 196?
49
What is the highest common divisor of 129 and 344?
43
What is the highest common factor of 792 and 693?
99
Calculate the greatest common divisor of 2336 and 64.
32
Calculate the greatest common factor of 154 and 1106.
14
What is the highest common factor of 406 and 986?
58
Calculate the greatest common divisor of 1177 and 11.
11
Calculate the highest common divisor of 891 and 81.
81
Calculate the greatest common factor of 160 and 140.
20
What is the greatest common divisor of 56 and 1729?
7
Calculate the greatest common divisor of 204 and 12.
12
Calculate the highest common divisor of 21 and 609.
21
Calculate the highest common divisor of 14839 and 418.
209
What is the greatest common factor of 60115 and 11?
11
What is the highest common divisor of 2020 and 2222?
202
Calculate the greatest common factor of 160 and 32.
32
What is the greatest common factor of 289 and 34?
17
What is the greatest common factor of 32 and 848?
16
Calculate the greatest common divisor of 317 and 10.
